 343340897?
False
Is 8753962 a multiple of 31?
False
Does 225 divide 107709742?
False
Is 5 a factor of 160024463?
False
Does 3965 divide 170237275?
True
Is 1543 a factor of 81918152?
False
Is 1774482364 a multiple of 474?
False
Is 132061216 a multiple of 92?
True
Is 735815256 a multiple of 93?
True
Is 13 a factor of 123533774?
True
Is 428346959 a multiple of 83?
False
Is 3628 a factor of 574132439?
False
Is 337716698 a multiple of 53?
False
Is 304414656 a multiple of 247?
True
Is 4047 a factor of 2412777409?
False
Is 232443913 a multiple of 13?
True
Does 1261 divide 529787713?
True
Does 17 divide 12480822?
True
Is 8762795 a multiple of 222?
False
Is 23 a factor of 25728373?
False
Is 19 a factor of 1079085912?
False
Is 41 a factor of 1434939689?
True
Does 182 divide 121561265?
False
Is 585 a factor of 673626449?
False
Is 1415611004 a multiple of 597?
False
Is 4640585 a multiple of 81?
False
Does 3019 divide 153875411?
True
Does 193 divide 115936331?
False
Is 110 a factor of 1703396?
False
Is 5 a factor of 32609475?
True
Is 461 a factor of 30943242?
True
Is 48515868 a multiple of 1348?
True
Does 181 divide 21836575?
False
Is 218 a factor of 53407051?
False
Is 21943416 a multiple of 635?
False
Does 372 divide 677668069?
False
Is 124 a factor of 121166228?
True
Does 514 divide 399416036?
True
Is 6 a factor of 399613698?
True
Does 7 divide 20474693?
False
Does 149 divide 4419787?
True
Is 1205 a factor of 126310510?
True
Is 23956018 a multiple of 4577?
True
Is 166767994 a multiple of 67?
False
Is 30833233 a multiple of 51?
False
Does 139 divide 547162195?
False
Does 5 divide 5071800?
True
Is 38826235 a multiple of 1360?
False
Is 4480 a factor of 551651755?
False
Is 1036428057 a multiple of 35?
False
Is 213879690 a multiple of 142?
True
Is 11983945 a multiple of 222?
False
Is 1238395076 a multiple of 1684?
True
Is 564014745 a multiple of 1600?
False
Does 103 divide 348078200?
True
Is 34 a factor of 15162613?
False
Is 130035968 a multiple of 256?
True
Does 7176 divide 599966822?
False
Is 1347 a factor of 72202876?
False
Is 126258452 a multiple of 6?
False
Is 1457 a factor of 4126224?
True
Is 15593934 a multiple of 574?
False
Does 3568 divide 416460442?
False
Is 23635758 a multiple of 326?
False
Does 476 divide 36657236?
True
Does 441 divide 370276962?
False
Is 303 a factor of 1867696551?
False
Is 43716126 a multiple of 879?
False
Is 178 a factor of 46888963?
False
Does 100 divide 234109400?
True
Is 4585 a factor of 190096261?
False
Is 491717289 a multiple of 339?
False
Is 81408656 a multiple of 28?
True
Is 654 a factor of 195169950?
True
Does 74 divide 2318223604?
True
Is 27 a factor of 297621?
True
Is 41 a factor of 89692376?
False
Does 10 divide 29616240?
True
Does 16 divide 249367008?
True
Is 35 a factor of 38338965?
True
Is 796599992 a multiple of 3832?
True
Does 3 divide 11541617?
False
Is 1158 a factor of 222698873?
False
Is 42819724 a multiple of 34?
False
Is 829 a factor of 3274909?
False
Is 12500505 a multiple of 15?
True
Does 8591 divide 1022931277?
False
Is 126796978 a multiple of 22?
True
Is 136525350 a multiple of 640?
False
Is 3317 a factor of 276252816?
False
Does 328 divide 21034602?
False
Is 174125700 a multiple of 405?
True
Is 1776935035 a multiple of 30?
False
Is 1398453 a multiple of 21?
True
Is 21925600 a multiple of 18?
False
Is 16005561 a multiple of 143?
True
Does 201 divide 911181499?
False
Does 1124 divide 10838083?
False
Is 10 a factor of 34001030?
True
Does 19 divide 499950249?
True
Is 14 a factor of 1784188?
True
Does 184 divide 603642176?
True
Does 41 divide 5874699?
False
Does 7 divide 23997788?
False
Does 1233 divide 384721893?
True
Does 312 divide 110771856?
True
Is 22 a factor of 1795705274?
True
Is 297 a factor of 59171013?
True
Does 227 divide 239568082?
True
Is 198 a factor of 66599893?
False
Does 44 divide 29176224?
True
Is 436307797 a multiple of 690?
False
Does 910 divide 43104880?
True
Is 41151999 a multiple of 38?
False
Does 11 divide 8842229?
True
Does 88 divide 38777447?
False
Does 88 divide 1870846856?
False
Is 883 a factor of 47690248?
False
Is 6923700 a multiple of 12?
True
Does 700 divide 5019716955?
False
Is 1292399496 a multiple of 54?
True
Is 13579900 a multiple of 1393?
False
Is 1288029875 a multiple of 25?
True
Does 15 divide 45787500?
True
Is 787491334 a multiple of 122?
True
Is 55722912 a multiple of 1642?
True
Does 1172 divide 168714088?
True
Is 10 a factor of 30136774?
False
Does 1520 divide 84069680?
True
Does 13 divide 4232659241?
False
Is 4 a factor of 18337516?
True
Is 505 a factor of 42318732?
False
Does 75 divide 144559989?
False
Is 776647040 a multiple of 2720?
True
Is 153 a factor of 41527358?
False
Is 121 a factor of 1582196?
True
Is 240581628 a multiple of 29?
False
Is 49 a factor of 382169197?
False
Does 1586 divide 157531728?
False
Is 120723858 a multiple of 1458?
True
Is 35670807 a multiple of 90?
False
Does 16 divide 142113619?
False
Is 18295252 a multiple of 37?
False
Does 401 divide 10914284?
False
Does 50 divide 1014896434?
False
Is 72564555 a multiple of 1533?
True
Does 15 divide 4989315?
True
Is 22 a factor of 50743558?
False
Is 12159141 a multiple of 10?
False
Is 13 a factor of 1090304436?
True
Is 150 a factor of 101220300?
True
Does 31 divide 107017704?
True
Is 3778381278 a multiple of 7?
True
Is 6920 a factor of 132857080?
True
Is 7 a factor of 13785167?
False
Is 16 a factor of 138556533?
False
Is 680 a factor of 38186760?
True
Is 12 a factor of 139825176?
True
Does 125 divide 75182000?
True
Does 52 divide 29648054?
False
Is 383 a factor of 79011323?
False
Is 453 a factor of 177564222?
True
Is 12 a factor of 266395980?
True
Is 116822412 a multiple of 18?
True
Is 14076959 a multiple of 989?
False
Is 66 a factor of 50560501?
False
Does 367 divide 532166882?
True
Is 798 a factor of 130840519?
False
Is 13 a factor of 21407312?
False
Does 5834 divide 800765546?
False
Is 2 a factor of 646960?
True
Is 1525920 a multiple of 170?
True
Is 12 a factor of 29615820?
True
Is 15 a factor of 2214780?
True
Is 726 a factor of 305120220?
False
Is 8 a factor of 5664709?
False
Is 608 a factor of 726118289?
False
Is 767 a factor of 439698471?
False
Does 13 divide 133047379?
False
Is 220 a factor of 14295858?
False
Does 42 divide 262527294?
False
Does 339 divide 41119020?
False
Is 229259910 a multiple of 330?
True
Is 206436350 a multiple of 25?
True
Is 260549910 a multiple of 938?
False
Is 81 a factor of 377259354?
False
Is 352376379 a multiple of 4?
False
Is 39819603 a multiple of 62?
False
Is 75 a factor of 170396775?
True
Is 1337 a factor of 303430813?
True
Does 253 divide 73997646?
False
Does 47 divide 44448276?
True
Is 52296633 a multiple of 42?
False
Is 14244280 a multiple of 2?
True
Is 98 a factor of 22279026?
True
Is 201 a factor of 13290321?
True
Is 4618728384 a multiple of 9696?
True
Is 275 a factor of 755739600?
True
Does 122 divide 11892194?
True
Is 41 a factor of 910637634?
True
Is 11 a factor of 1021989474?
True
Is 11622 a factor of 33599202?
True
Is 1208 a factor of 36055893?
False
Is 13 a factor of 3352950705?
True
Does 52 divide 11348952?
False
Does 20 divide 163274363?
False
Does 31 divide 38943596?
False
Is 81 a factor of 113055152?
False
Is 235 a factor of 1329085586?
False
Is 295447740 a multiple of 70?
True
Is 268293514 a multiple of 9?
False
Is 12 a factor of 31457241?
False
Is 117275280 a multiple of 5232?
True
Is 16 a factor of 1897074?
False
Is 423384023 a multiple of 955?
False
Is 27254565 a multiple of 65?
True
Is 14 a factor of 1625148?
True
Is 73109281 a multiple of 334?
False
Is 40 a factor of 68160038?
False
Is 19680594 a multiple of 138?
True
Does 66 divide 44988681?
False
Is 598952404 a multiple of 349?
True
Is 7 a factor of 78943130?
True
Is 11 a factor of 369631870?
False
Does 21 divide 5993190?
True
Is 13 a factor of 6020895608?
True
Is 79049053 a multiple of 343?
False
Does 14 divide 7059605132?
False
Does 32 divide 120488560?
False
Does 68 divide 692632360?
True
Is 1186 a factor of 239128436?
True
Is 137747048 a multiple of 4?
True
Does 7105 divide 336810253?
False
Is 52914200 a multiple of 1975?
True
Is 41 a factor of 507805590?
False
Is 329 a factor of 17282034?
False
Does 4150 divide 332659850?
True
Is 16413542 a multiple of 86?
False
Does 140 divide